t g(r) = -3*r. Suppose 0 = -4*s + 2*c - 90, -c + 5*c + 72 = -4*s. Let f(b) = -b. Let d(v) = s*f(v) + 3*g(v). Let w(m) = 2*m - 1. Let t be w(0). What is d(t)?
-12
Let h = 9 - 7. Let s = 7 + -15. Let q(u) = -7*u**3 + 4*u**2 - 7*u + 7. Let y(r) = -11*r**3 + 6*r**2 - 11*r + 11. Let f(l) = s*q(l) + 5*y(l). Calculate f(h).
1
Let r(q) = -5*q - q**2 + 18*q - q**2. Let y be 1/(-2 + (-9)/(-5)). Let m(b) = 3*b**2 - 20*b. Let v(f) = y*m(f) - 8*r(f). Give v(2).
-4
Let i(x) be the first derivative of x**2/2 + 1. Suppose 0 = -0*o - 2*o. Suppose 3*z + o*n + 8 = -4*n, -21 = 5*z - n. What is i(z)?
-4
Let r(i) = i**2 + 9*i + 4. Suppose -71 - 1 = 9*k. Calculate r(k).
-4
Let g(o) be the first derivative of -o**5/60 - o**4/24 + 3*o**2/2 - 2. Let l(h) be the second derivative of g(h). Let x be 2/4*(3 - 7). Give l(x).
-2
Let k(h) be the second derivative of -h**5/20 - h**4/2 + 7*h**3/6 - 7*h**2/2 - 2*h + 2. Give k(-7).
-7
Let f(u) = u**3 + 2*u**2 - 11*u - 10. Let c be f(-4). Let h(w) = w**3 - 2*w**2 + 3*w - 2. Calculate h(c).
4
Let x(p) = 3*p**2 + 0 + 0 - 4*p - 2*p**2. Determine x(4).
0
Let n(u) = u - 3*u + 3*u. Let m(i) = i**3 - i**2 + i + 1. Let h be m(-1). Calculate n(h).
-2
Suppose 0*g = 4*g + 5*k + 8, -2*k = -g + 11. Let n(c) = c**2 - 3*c + 2. Determine n(g).
2
Let x(r) = -10 - 2*r + r + 16. Give x(-5).
11
Let q(t) = -t**2 - 8*t + 10. Let w = -42 - -33. Give q(w).
1
Let z(q) = -7*q + 5. Let u(w) = 13*w - 10. Let f(j) = -6*u(j) - 11*z(j). Give f(-10).
15
Let r(m) = m**2 - 5*m - 5. Let z be r(-2). Let s(g) = -g**2 + 10*g - 1. Give s(z).
8
Let x(r) = -r**2 + 6*r - 2. Suppose 0 = -2*i - 3*d + 9, 0 = 7*i - 3*i - 2*d - 10. Suppose -s - 10 = -i*s. What is x(s)?
3
Let j(i) = -i**3 + i**2 + 1. Suppose 0 = 5*x - 1 - 4. Let n be ((0 - 2)*x)/(-2). Determine j(n).
1
Let q(r) be the third derivative of 1/24*r**4 + 0*r + 0 - 1/3*r**3 - 3*r**2. Calculate q(3).
1
Let o(u) = -u**3 - 3*u**2 + 2*u - 1. Let v be o(-4). Let n(j) = 3 - j + 6 - 1 + 2. Give n(v).
3
Let j(a) = a - 6. Let p be j(6). Suppose p = -3*k + 5*k - 4. Suppose -4*q + 16 = -0*i - 5*i, 4*q - k*i = 4. Let n(t) = -4*t**2 - t. What is n(q)?
-3
Let k be 3/2 - 6/12. Let s(m) = -k - 23*m - 2 + 16*m. What is s(-2)?
11
Let i = -7 - -9. Let m = -4 - -6. Let o(a) = -2 + a**2 - m*a + a + a**i. Calculate o(-2).
8
Let g be 2/4 + 3/6. Let z(t) = -3*t + t - t + t + g. Calculate z(3).
-5
Let i(f) = -12*f + 1. Let a be 18/12 + (-10)/4. Calculate i(a).
13
Let l(a) = 2*a - a**3 + 52*a**2 - 56*a**2 + 4 - 2*a**3 + 2*a**3. Calculate l(-3).
-11
Let x be (4/(-3))/(4/(-12)). Suppose -x*t = -9*t - 30. Let b(d) = d**3 + 6*d**2 - 7. Give b(t).
-7
Let h(l) = 5 + 2*l**3 + 9*l**3 + 13*l + 4 - 10*l**2. Let j(g) = -5*g**3 + 5*g**2 - 6*g - 4. Let b(w) = 4*h(w) + 9*j(w). What is b(4)?
8
Let c = -1 - 0. Let k be ((-3)/c)/3 - 3. Let j(n) = 2*n - 1. What is j(k)?
-5
Let d(u) be the first derivative of 2/3*u**3 + 1/4*u**4 - 2 + 4*u + 0*u**2. Let k(r) = -r**2 - 8*r + 17. Let p be k(-10). Calculate d(p).
-5
Let j(f) = -f**2 + 6*f + 9. Let w = 91 + -83. Calculate j(w).
-7
Let v = -1 - 4. Let j(h) = 6*h - 7*h + h**3 + 6*h**2 + 6*h. Let p(u) = 3*u**3 + 18*u**2 + 15*u + 1. Let c(b) = -17*j(b) + 6*p(b). What is c(v)?
6
Let m(c) = 8 + 9 - 7 + 5 + 2*c. Determine m(-12).
-9
Let k(b) be the third derivative of b**4/24 + 7*b**3/6 - 9*b**2. Give k(5).
12
Let r(v) be the second derivative of -v**5/20 - v**4/12 + v**3/6 - 5*v**2/2 + 2*v. Let a = -3 + 2. Let p = 1 + a. Give r(p).
-5
Let z(q) be the second derivative of q**4/6 + 4*q**3/3 - 13*q**2/2 + q. Let i(a) = a**2 + 4*a - 7. Let k(y) = -5*i(y) + 3*z(y). Calculate k(-5).
1
Let q(a) = 4*a - 3*a + 0*a - 2*a. Let b = 4 - 3. What is q(b)?
-1
Let i(y) = -y - 1. Let t(k) be the first derivative of -2 - 3*k - 5/2*k**2. Let a(f) = 6*i(f) - t(f). Calculate a(3).
-6
Let y = 3 + -2. Let g = y + -1. Let u(w) = w**2 + w + 6. Let j(s) = -2*s**2 - 2*s - 5. Let o(r) = 2*j(r) + 3*u(r). Calculate o(g).
8
Let d(o) = 2*o + 5*o**2 + 776 - 776 + o**3. Determine d(-4).
8
Let t be -8 - (-2)/3*6. Let n(p) = -4*p**3 - 5*p**2 - 2*p - 5. Let s(u) = -u**3 + u - 1. Let w(y) = n(y) - 3*s(y). Determine w(t).
2
Let u(c) = 5*c**2 + 6*c - 2 - c + c**3 + c**2. Suppose 2*p - 5*b + 10 = 0, 0 = 3*p + 2*b - 4*b + 15. Determine u(p).
-2
Let w(j) = -2*j**2 + j - 1. Let a(o) = o**2 + o + 1. Let g(p) = a(p) + w(p). Calculate g(-2).
-8
Suppose 2*u - 7 = -1. Let k(c) = c**2 - 2*c**2 - u*c + 2*c**2 + 2*c. What is k(2)?
2
Let d = -243/2 + 125. Let k(n) be the first derivative of d*n**2 + 2 - n. What is k(1)?
6
Let r = 3 - 2. Let g = -2 + 4. Let s(d) = -4*d**2 - 1 - g*d**2 + 0 + d**3 + d + 4*d**2. Give s(r).
-1
Let s(f) = 6*f**3 - 8*f**2 + 9*f - 1. Let w(i) = 5*i**3 - 7*i**2 + 8*i - 1. Let c(p) = 4*s(p) - 5*w(p). Calculate c(3).
-11
Let k(t) = t**3 - 2*t**2 + t. Let w = 7 - 3. Let n be (-50)/(-8) + 2/(-8). Suppose -w*l + n - 2 = 0. Determine k(l).
0
Let x(q) = q - 3. Let h(n) = -4*n + 8. Let z(o) = -2*h(o) - 7*x(o). Give z(-5).
0
Let l(j) = j**2 - 4*j + 6. Let g(r) = -r**3 - 9*r**2 - 8*r + 3. Let v be g(-8). Let m be v/(-2)*30/(-9). Determine l(m).
11
Let c be (-3 - 1)*2/(-4). Let n(o) = -o**3 - 5*o**2 + 4*o. Let s be n(-6). Suppose -s = -2*l - c. Let j(u) = -u**3 + 6*u**2 - 6*u - 3. What is j(l)?
-8
Let u(p) = -p**3 + 4*p - 3. Let c(l) = l**3 - 3*l + 2. Let a(h) = -3*c(h) - 2*u(h). Let t(k) = k**2 - k. Let x(j) = -2*a(j) - t(j). What is x(-1)?
-2
Let g be (-1)/(-2)*(7 + -1). Suppose -g = -z - 2. Let t be ((-1)/z)/((-5)/(-5)). Let c(v) = -v**2 - 2*v - 1. Give c(t).
0
Suppose 2*g + 4*n = 3*g + 9, -3*n = -g - 6. Let f(a) = 2*a**2 - 2*a - 1. Determine f(g).
11
Suppose h - 5 = -0*h. Suppose -4*s - h = -25. Suppose -2*i + 7*i + s = 0. Let m(q) = -4*q**2 + 2*q + 1. Calculate m(i).
-5
Let o(l) = l**2 - 2*l - 3. Let g be o(5). Let v be ((-3)/(-6))/(1/g). Let p(z) = -z**2 + 7*z + 1. Calculate p(v).
7
Suppose -21 = -3*k - 3*f, -42 = -5*k - 2*f - 4. Let n(o) = -2*o + 12. Give n(k).
-4
Let z(o) = -2*o - 1. Suppose 4*q + 42 = 2. Let i = -7 - q. Give z(i).
-7
Let d be (-2)/10 + (-44)/(-20). Let h be -1 + -1 + d - -2. Let b(n) = 2*n - 4*n**2 - n + h*n. Determine b(2).
-10
Let s(j) = -j**2 + 6*j. Let t(r) = -r**2 - 8*r + 3. Let m be t(-6). Let p(y) = y + 8. Let g be p(-6). Let c be m/g*(-4)/(-6). Calculate s(c).
5
Let w be 1/(-5) + (-18)/10. Let d = -1 - w. Let j be 2 + d*-2 + 4. Let t(q) = -q**3 + 3*q**2 + 3*q + 3. Determine t(j).
-1
Suppose -c = -2 - 0, -4 = 2*n - 5*c. Let h(g) be the first derivative of 2*g**3/3 - 3*g**2/2 - 3*g + 2. Calculate h(n).
6
Let s be 1*9/6*(1 - -1). Let n(t) = -t - 3. Determine n(s).
-6
Let f(h) = 4*h**2 + h. Let n be f(-1). Suppose -m + 12 = n*m + 5*l, 4*m - 2*l + 16 = 0. Let z(x) = -x - 6*x**3 + 3*x + 2 + 5*x**3. Calculate z(m).
6
Let w = 121 - 122. Let o(j) be the first derivative of -j**5/20 - j**4/24 + j**3/3 - 1. Let b(h) be the third derivative of o(h). What is b(w)?
5
Let d(p) be the third derivative of p**7/2520 + p**6/240 - p**5/60 - 3*p**2. Let y(v) be the third derivative of d(v). Suppose 0*k = -2*k - 4. Determine y(k).
-1
Let c(o) be the second derivative of o**3/3 + 3*o**2/2 - 5*o. Determine c(-5).
-7
Let z(d) = -d**2 + 0 + 2 + 2*d**2 + 3*d. Suppose -4*l - 5 = 5*m, 2*m + 5*l + 16 + 3 = 0. Suppose -m*s = -s + 8. Determine z(s).
6
Let t(p) = -4*p**2. Suppose 2*b + 8 = 0, q + 0*q - 4*b = 18. What is t(q)?
-16
Let j = -53 + 60. Let y(p) = -p**3 + 6*p**2 + 6*p - 6. Determine y(j).
-13
Let a(z) = z**3 - 2*z**2 + z - 1. Suppose n = 2 + 3. Suppose y + 3 = -4*u + 16, -n*y = -3*u + 4. Give a(y).
-1
Suppose -2*s + 0*s = -14. Let v = s - 5. Let w(i) = 5*i**v - 2*i + i**2 - 4*i**2 + i**3 - 5*i**2. Give w(3).
-6
Let r = -25 + 20. Let a(l) = -2*l**2 + l**3 + 8*l**2 - 5 + l + 5*l - 3*l. What is a(r)?
5
Let i(z) be the first derivative of -z**4/4 + z**2/2 - 3. Give i(0).
0
Let y(n) = -2*n + n - 22 + 6. What is y(0)?
-16
Let y(c) = -2 + 1 - 2*c + 2 + 12*c**2. Suppose -16 = 4*t - 2*w + 7*w, -3*w - 16 = -4*t. Calculate y(t).
11
Let f(s) = -2 + 6 + 1 - 6*s - 4 - s**2. Give f(-4).
9
Let t(f) = f**3 + 5*f**2 + 2. Suppose 2*l = -l + 6. Suppose l*p + 4 = h + 8, -2*p = -6. Suppose -2*i + h = 4*n, 0*i + n = 2*i + 13. Give t(i).
2
Let p(n) = 3*n - 12. Let x be p(6). Let g(a) = -a**2 + 3*a + 8. Give g(x).
-10
Suppose -3*h - 3*h = -24. Suppose 0 = 3*o + h*o - 3